7412 a multiple of 138?
True
Does 27 divide 525551685?
False
Does 54 divide 39587616?
True
Is 1107 a factor of 10451210?
False
Does 1784 divide 122540156?
False
Does 93 divide 12622425?
True
Does 98 divide 116850686?
False
Is 45975672 a multiple of 1699?
False
Does 8 divide 170671584?
True
Is 1802435468 a multiple of 4?
True
Is 106 a factor of 38853876?
True
Is 277962480 a multiple of 1490?
True
Does 151 divide 311446570?
False
Is 254 a factor of 4624324?
True
Is 51 a factor of 3384533?
False
Does 1495 divide 542752275?
True
Is 31 a factor of 1930306431?
False
Does 133 divide 14724015?
False
Is 39159652 even?
True
Does 6275 divide 105420000?
True
Is 3 a factor of 5969909?
False
Is 348660441 a multiple of 3231?
True
Does 17151 divide 7666033923?
True
Is 111030570 a multiple of 63?
True
Is 1057 a factor of 52521273?
True
Is 25 a factor of 15839818?
False
Is 29408892 a multiple of 249?
True
Does 83 divide 634512819?
False
Is 9382738 a multiple of 1860?
False
Is 8 a factor of 148576789?
False
Does 132 divide 4180044?
True
Is 9 a factor of 71345702?
False
Is 175 a factor of 42880852?
False
Is 8 a factor of 154824?
True
Is 240336894 a multiple of 425?
False
Does 517 divide 1091040093?
True
Does 28 divide 382366?
False
Is 6 a factor of 199472925?
False
Is 28516151 a multiple of 126?
False
Is 40 a factor of 20811938?
False
Is 43670949 a multiple of 207?
False
Is 1146698 a multiple of 49?
True
Is 14 a factor of 533000538?
True
Is 6 a factor of 661640111?
False
Is 542683722 a multiple of 309?
True
Is 49 a factor of 1590332255?
False
Does 3183 divide 67187016?
False
Does 283 divide 70370793?
False
Is 8 a factor of 22609217?
False
Is 2929 a factor of 400016459?
True
Is 92 a factor of 2392829288?
True
Does 4 divide 4954034?
False
Is 7 a factor of 207742?
False
Is 1196056450 a multiple of 10?
True
Is 334724 a multiple of 13?
True
Is 2610977040 a multiple of 63?
True
Is 47718423 a multiple of 15?
False
Is 59409000 a multiple of 161?
True
Does 78 divide 510700657?
False
Is 495 a factor of 2226393675?
True
Does 775 divide 208356702?
False
Does 81 divide 8614593?
True
Does 1384 divide 17627720?
False
Does 389 divide 43259702?
False
Is 21495867 a multiple of 293?
False
Does 426 divide 4090530002?
False
Is 3062 a factor of 1815266104?
False
Is 85 a factor of 2094913585?
False
Is 7 a factor of 1104960269?
True
Is 4148730999 a multiple of 63?
True
Does 99 divide 7770420?
False
Is 1315 a factor of 522861095?
True
Is 4111 a factor of 43063882?
False
Does 29 divide 107070291?
True
Is 141 a factor of 99767515?
False
Does 21 divide 1325576565?
False
Does 191 divide 15985912?
False
Does 181 divide 17683448?
False
Is 914 a factor of 30714970?
True
Is 24688656 a multiple of 16?
True
Is 154605318 a multiple of 133?
True
Is 202 a factor of 38176472?
False
Is 32943183 a multiple of 28?
False
Is 522122410 a multiple of 24?
False
Is 28898838 a multiple of 34?
False
Does 5802 divide 2895929052?
True
Is 139651403 a multiple of 186?
False
Is 45214312 a multiple of 121?
True
Is 102583022 even?
True
Does 352 divide 242083072?
True
Is 961234320 a multiple of 7610?
True
Does 15 divide 1502381008?
False
Is 3571126743 a multiple of 126?
False
Is 2068 a factor of 100326952?
True
Is 84 a factor of 40080397?
False
Is 53819224 a multiple of 79?
True
Is 9140193 a multiple of 2401?
False
Is 93 a factor of 4185465?
True
Is 39126038 a multiple of 590?
False
Is 105933450 a multiple of 433?
True
Does 8 divide 76311696?
True
Is 287805000 a multiple of 750?
True
Is 264376557 a multiple of 2799?
False
Does 210 divide 974659350?
True
Is 38389387 a multiple of 10?
False
Is 17 a factor of 52779787?
False
Is 573811651 a multiple of 50?
False
Is 137224241 a multiple of 1104?
False
Does 69 divide 61805853?
True
Is 88687321 a multiple of 65?
False
Is 797890 a multiple of 361?
False
Is 19266032 a multiple of 136?
True
Is 21 a factor of 69303123?
False
Is 90504648 a multiple of 207?
False
Is 13995682 a multiple of 325?
False
Does 1937 divide 2099690567?
True
Is 14 a factor of 46339399?
False
Is 279 a factor of 107500786?
False
Is 127115164 a multiple of 18?
False
Is 38050742 a multiple of 1579?
True
Does 60 divide 481680?
True
Is 821508554 a multiple of 302?
True
Does 609 divide 709899120?
True
Is 57 a factor of 166943880?
True
Does 9 divide 52019440?
False
Does 3929 divide 155659030?
False
Is 20 a factor of 282957560?
True
Is 6537600 a multiple of 908?
True
Is 1824653520 a multiple of 1422?
True
Is 749 a factor of 1443710531?
False
Does 23 divide 3078481?
True
Does 25 divide 1180992625?
True
Is 207591602 a multiple of 1382?
True
Is 11298504 a multiple of 332?
False
Does 115 divide 1769698014?
False
Is 24283970 a multiple of 995?
True
Is 403635663 a multiple of 194?
False
Is 14 a factor of 4588691152?
False
Does 779 divide 467852599?
True
Is 405433649 a multiple of 14?
False
Is 154 a factor of 39349310?
True
Is 616213665 a multiple of 3873?
True
Is 2665050 a multiple of 109?
True
Does 142 divide 2043096?
True
Is 3466546192 a multiple of 182?
False
Is 565455 a multiple of 3?
True
Is 1664 a factor of 322358400?
True
Is 2406692504 a multiple of 6574?
False
Is 48 a factor of 179853696?
True
Is 126068684 a multiple of 14?
True
Is 1047 a factor of 85616121?
False
Is 63880081 a multiple of 91?
False
Is 11 a factor of 122055868?
True
Is 182 a factor of 8581022?
False
Is 2348 a factor of 74323592?
True
Is 40881082 a multiple of 11?
True
Is 132 a factor of 5901105?
False
Is 1954 a factor of 374153874?
True
Does 34 divide 16349920?
True
Is 223183539 a multiple of 17?
False
Does 4094 divide 2632269435?
False
Is 587 a factor of 23438813?
False
Is 7216354096 a multiple of 16?
True
Does 428 divide 1176724334?
False
Is 284198112 a multiple of 5984?
True
Is 479 a factor of 13505884?
True
Does 14 divide 42462308?
True
Does 11 divide 14267348?
False
Is 367 a factor of 13193650?
True
Is 436944670 a multiple of 139?
False
Is 1222 a factor of 14202084?
True
Is 74068992 a multiple of 348?
False
Is 2434 a factor of 234577925?
False
Is 504 a factor of 177453864?
True
Is 117774986 a multiple of 6132?
False
Does 127 divide 63673228?
True
Is 33937376 a multiple of 268?
True
Does 145 divide 9003920?
True
Does 157 divide 24952805?
False
Does 12 divide 11170668?
True
Is 395 a factor of 1611325080?
True
Does 305 divide 17199106?
False
Is 11 a factor of 1589665?
True
Is 27927942 a multiple of 6?
True
Is 38952630 a multiple of 2670?
True
Is 3 a factor of 1263436?
False
Does 13 divide 4465133?
False
Is 65190240 a multiple of 2040?
True
Is 65 a factor of 33450990?
False
Does 4729 divide 530730941?
True
Is 399 a factor of 391411419?
True
Is 28211827 a multiple of 817?
True
Is 1357070728 a multiple of 13?
True
Is 4020412473 a multiple of 77?
True
Does 236 divide 13936059?
False
Is 126581207 a multiple of 144?
False
Is 3527 a factor of 2215473941?
False
Does 7502 divide 125177811?
False
Does 2873 divide 644822290?
False
Is 2349 a factor of 89263364?
False
Is 990732378 a multiple of 12?
False
Is 469204200 a multiple of 563?
True
Is 26 a factor of 127949520?
False
Is 17955990 a multiple of 10?
True
Is 276689586 a multiple of 1999?
True
Is 17305 a factor of 6889697091?
False
Does 3 divide 668614?
False
Is 898119560 a multiple of 27?
False
Is 31436832 a multiple of 32?
True
Is 82479278 a multiple of 730?
False
Is 325578400 a multiple of 1880?
True
Does 13 divide 183880684?
True
Is 6055153650 a multiple of 75?
True
Does 85 divide 130698040?
True
Is 26 a factor of 776408?
False
Does 389 divide 54630382?
True
Does 32 divide 1693615239?
False
Is 100083210 a multiple of 141?
True
Is 738764610 a multiple of 15?
True
Does 486 divide 15142302?
True
Does 27 divide 16006032?
True
Is 222 a factor of 97249986?
True
Is 1475 a factor of 44186645?
False
Does 2488 divide 6585736?
True
Does 296 divide 47202528?
True
Is 7 a factor of 8612971?
False
Is 36 a factor of 629444196?
True
Is 363108382 a multiple of 14?
True
Does 45 divide 1830620340?
True
Is 51 a factor of 25601949?
True
Is 356 a factor of 2301840464?
True
Is 32484150 a multiple of 25?
True
Is 1960 a factor of 153732600?
True
Is 1945608 a multiple of 42?
True
Is 42563881 a multiple of 260?
False
Is 43 a factor of 4448040228?
True
Does 235 divide 748286351?
False
Is 539 a factor of 121755788?
True
Is 317